{"id":2025,"date":"2024-03-03T17:32:43","date_gmt":"2024-03-03T16:32:43","guid":{"rendered":"https:\/\/comercialbrell.com\/distribuidores-de-quesos-en-reus\/"},"modified":"2025-03-14T12:33:10","modified_gmt":"2025-03-14T11:33:10","slug":"distribuidores-de-quesos-en-reus","status":"publish","type":"page","link":"https:\/\/comercialbrell.com\/es\/distribuidores-de-quesos-en-reus\/","title":{"rendered":"qui\u00e9nes somos"},"content":{"rendered":"\t\t<div data-elementor-type=\"wp-page\" data-elementor-id=\"2025\" class=\"elementor elementor-2025 elementor-333\" data-elementor-post-type=\"page\">\n\t\t\t\t<div class=\"elementor-element elementor-element-5b3f52a e-flex e-con-boxed e-con e-parent\" data-id=\"5b3f52a\" data-element_type=\"container\" data-e-type=\"container\">\n\t\t\t\t\t<div class=\"e-con-inner\">\n\t\t\t\t<div class=\"elementor-element elementor-element-d13cca5 elementor-widget elementor-widget-heading\" data-id=\"d13cca5\" data-element_type=\"widget\" data-e-type=\"widget\" data-widget_type=\"heading.default\">\n\t\t\t\t<div class=\"elementor-widget-container\">\n\t\t\t\t\t<h1 class=\"elementor-heading-title elementor-size-default\">Distribuidor de quesos en Reus<\/h1>\t\t\t\t<\/div>\n\t\t\t\t<\/div>\n\t\t\t\t<div class=\"elementor-element elementor-element-4ebe649 elementor-widget elementor-widget-heading\" data-id=\"4ebe649\" data-element_type=\"widget\" data-e-type=\"widget\" data-widget_type=\"heading.default\">\n\t\t\t\t<div class=\"elementor-widget-container\">\n\t\t\t\t\t<span class=\"elementor-heading-title elementor-size-default\">distribuidores<\/span>\t\t\t\t<\/div>\n\t\t\t\t<\/div>\n\t\t\t\t<div class=\"elementor-element elementor-element-bbc6262 elementor-widget elementor-widget-heading\" data-id=\"bbc6262\" data-element_type=\"widget\" data-e-type=\"widget\" data-widget_type=\"heading.default\">\n\t\t\t\t<div class=\"elementor-widget-container\">\n\t\t\t\t\t<span class=\"elementor-heading-title elementor-size-default\">de quesos en reus desde los a\u00f1os 60<\/span>\t\t\t\t<\/div>\n\t\t\t\t<\/div>\n\t\t\t\t<div class=\"elementor-element elementor-element-0fbfd2b elementor-widget elementor-widget-image\" data-id=\"0fbfd2b\" data-element_type=\"widget\" data-e-type=\"widget\" data-widget_type=\"image.default\">\n\t\t\t\t<div class=\"elementor-widget-container\">\n\t\t\t\t\t\t\t\t\t\t\t\t\t\t\t<img fetchpriority=\"high\" decoding=\"async\" width=\"800\" height=\"800\" src=\"https:\/\/comercialbrell.com\/wp-content\/uploads\/2024\/03\/Equip-Comercial-Brell.jpg\" class=\"attachment-large size-large wp-image-1805\" alt=\"\" srcset=\"https:\/\/comercialbrell.com\/wp-content\/uploads\/2024\/03\/Equip-Comercial-Brell.jpg 1000w, https:\/\/comercialbrell.com\/wp-content\/uploads\/2024\/03\/Equip-Comercial-Brell-300x300.jpg 300w, https:\/\/comercialbrell.com\/wp-content\/uploads\/2024\/03\/Equip-Comercial-Brell-150x150.jpg 150w, https:\/\/comercialbrell.com\/wp-content\/uploads\/2024\/03\/Equip-Comercial-Brell-768x768.jpg 768w\" sizes=\"(max-width: 800px) 100vw, 800px\" title=\"\">\t\t\t\t\t\t\t\t\t\t\t\t\t\t\t<\/div>\n\t\t\t\t<\/div>\n\t\t\t\t\t<\/div>\n\t\t\t\t<\/div>\n\t\t<div class=\"elementor-element elementor-element-23a2ab0 e-flex e-con-boxed e-con e-parent\" data-id=\"23a2ab0\" data-element_type=\"container\" data-e-type=\"container\">\n\t\t\t\t\t<div class=\"e-con-inner\">\n\t\t<div class=\"elementor-element elementor-element-6654b9e e-flex e-con-boxed e-con e-child\" data-id=\"6654b9e\" data-element_type=\"container\" data-e-type=\"container\">\n\t\t\t\t\t<div class=\"e-con-inner\">\n\t\t<div class=\"elementor-element elementor-element-43cae94 e-flex e-con-boxed e-con e-child\" data-id=\"43cae94\" data-element_type=\"container\" data-e-type=\"container\">\n\t\t\t\t\t<div class=\"e-con-inner\">\n\t\t\t\t<div class=\"elementor-element elementor-element-0cdb195 elementor-widget elementor-widget-heading\" data-id=\"0cdb195\" data-element_type=\"widget\" data-e-type=\"widget\" data-widget_type=\"heading.default\">\n\t\t\t\t<div class=\"elementor-widget-container\">\n\t\t\t\t\t<span class=\"elementor-heading-title elementor-size-default\">Un cambio de rumbo hacia el<\/span>\t\t\t\t<\/div>\n\t\t\t\t<\/div>\n\t\t\t\t<div class=\"elementor-element elementor-element-50bbcc3 elementor-widget elementor-widget-heading\" data-id=\"50bbcc3\" data-element_type=\"widget\" data-e-type=\"widget\" data-widget_type=\"heading.default\">\n\t\t\t\t<div class=\"elementor-widget-container\">\n\t\t\t\t\t<h2 class=\"elementor-heading-title elementor-size-default\">mundo gourmet<\/h2>\t\t\t\t<\/div>\n\t\t\t\t<\/div>\n\t\t\t\t<div class=\"elementor-element elementor-element-3cfbaec elementor-widget elementor-widget-text-editor\" data-id=\"3cfbaec\" data-element_type=\"widget\" data-e-type=\"widget\" data-widget_type=\"text-editor.default\">\n\t\t\t\t<div class=\"elementor-widget-container\">\n\t\t\t\t\t\t\t\t\t<p>Alrededor de los a\u00f1os 60, <strong>el abuelo Josep Maria Brell<\/strong> constituy\u00f3 Agr\u00edcola Reusense; una empresa comercializadora de embutidos, conservas y alg\u00fan que otro queso, con intenci\u00f3n de abastecer a los establecimientos de Reus y de los pueblos de la provincia de Tarragona.<\/p>\n<p>En 1985, la sociedad cambia de nombre y pasa a llamarse Comercial Brell S.L. Pronto <strong>Jordi Vi\u00f1as<\/strong>, el yerno, pasa a formar parte de la compa\u00f1\u00eda y, ya con \u00e9l al frente, la empresa realiza un cambio de rumbo hacia el mundo gourmet.<\/p>\n<p>Jordi, un <strong>amante de su trabajo y de los quesos<\/strong>, busca enfocar el negocio en este producto, pero sin dejar de lado los embutidos y otros productos que tambi\u00e9n son especialidad de la marca.<\/p>\n\t\t\t\t\t\t\t\t<\/div>\n\t\t\t\t<\/div>\n\t\t<div class=\"elementor-element elementor-element-c05a4ed e-flex e-con-boxed e-con e-child\" data-id=\"c05a4ed\" data-element_type=\"container\" data-e-type=\"container\">\n\t\t\t\t\t<div class=\"e-con-inner\">\n\t\t\t\t<div class=\"elementor-element elementor-element-03b3194 elementor-widget elementor-widget-button\" data-id=\"03b3194\" data-element_type=\"widget\" data-e-type=\"widget\" data-widget_type=\"button.default\">\n\t\t\t\t<div class=\"elementor-widget-container\">\n\t\t\t\t\t\t\t\t\t<div class=\"elementor-button-wrapper\">\n\t\t\t\t\t<a class=\"elementor-button elementor-button-link elementor-size-sm\" href=\"https:\/\/comercialbrell.com\/es\/productos\/distribuidor-de-quesos\/\">\n\t\t\t\t\t\t<span class=\"elementor-button-content-wrapper\">\n\t\t\t\t\t\t\t\t\t<span class=\"elementor-button-text\">Descubrir quesos<\/span>\n\t\t\t\t\t<\/span>\n\t\t\t\t\t<\/a>\n\t\t\t\t<\/div>\n\t\t\t\t\t\t\t\t<\/div>\n\t\t\t\t<\/div>\n\t\t\t\t\t<\/div>\n\t\t\t\t<\/div>\n\t\t\t\t\t<\/div>\n\t\t\t\t<\/div>\n\t\t<div class=\"elementor-element elementor-element-03bfa48 e-flex e-con-boxed e-con e-child\" data-id=\"03bfa48\" data-element_type=\"container\" data-e-type=\"container\">\n\t\t\t\t\t<div class=\"e-con-inner\">\n\t\t\t\t<div class=\"elementor-element elementor-element-e23ec70 elementor-widget elementor-widget-image\" data-id=\"e23ec70\" data-element_type=\"widget\" data-e-type=\"widget\" data-widget_type=\"image.default\">\n\t\t\t\t<div class=\"elementor-widget-container\">\n\t\t\t\t\t\t\t\t\t\t\t\t\t\t\t<img decoding=\"async\" width=\"750\" height=\"1000\" src=\"https:\/\/comercialbrell.com\/wp-content\/uploads\/2024\/03\/jordi-vinas.jpg\" class=\"attachment-large size-large wp-image-1823\" alt=\"\" srcset=\"https:\/\/comercialbrell.com\/wp-content\/uploads\/2024\/03\/jordi-vinas.jpg 750w, https:\/\/comercialbrell.com\/wp-content\/uploads\/2024\/03\/jordi-vinas-225x300.jpg 225w\" sizes=\"(max-width: 750px) 100vw, 750px\" title=\"\">\t\t\t\t\t\t\t\t\t\t\t\t\t\t\t<\/div>\n\t\t\t\t<\/div>\n\t\t\t\t\t<\/div>\n\t\t\t\t<\/div>\n\t\t\t\t\t<\/div>\n\t\t\t\t<\/div>\n\t\t\t\t\t<\/div>\n\t\t\t\t<\/div>\n\t\t<div class=\"elementor-element elementor-element-77ca00a e-flex e-con-boxed e-con e-parent\" data-id=\"77ca00a\" data-element_type=\"container\" data-e-type=\"container\">\n\t\t\t\t\t<div class=\"e-con-inner\">\n\t\t<div class=\"elementor-element elementor-element-62ad562 e-flex e-con-boxed e-con e-child\" data-id=\"62ad562\" data-element_type=\"container\" data-e-type=\"container\">\n\t\t\t\t\t<div class=\"e-con-inner\">\n\t\t<div class=\"elementor-element elementor-element-70869cb e-flex e-con-boxed e-con e-child\" data-id=\"70869cb\" data-element_type=\"container\" data-e-type=\"container\">\n\t\t\t\t\t<div class=\"e-con-inner\">\n\t\t\t\t<div class=\"elementor-element elementor-element-7a8d79f elementor-widget elementor-widget-image\" data-id=\"7a8d79f\" data-element_type=\"widget\" data-e-type=\"widget\" data-widget_type=\"image.default\">\n\t\t\t\t<div class=\"elementor-widget-container\">\n\t\t\t\t\t\t\t\t\t\t\t\t\t\t\t<img decoding=\"async\" width=\"750\" height=\"1000\" src=\"https:\/\/comercialbrell.com\/wp-content\/uploads\/2024\/03\/oriol-vinas-brell.jpg\" class=\"attachment-large size-large wp-image-1824\" alt=\"\" srcset=\"https:\/\/comercialbrell.com\/wp-content\/uploads\/2024\/03\/oriol-vinas-brell.jpg 750w, https:\/\/comercialbrell.com\/wp-content\/uploads\/2024\/03\/oriol-vinas-brell-225x300.jpg 225w\" sizes=\"(max-width: 750px) 100vw, 750px\" title=\"\">\t\t\t\t\t\t\t\t\t\t\t\t\t\t\t<\/div>\n\t\t\t\t<\/div>\n\t\t\t\t\t<\/div>\n\t\t\t\t<\/div>\n\t\t<div class=\"elementor-element elementor-element-0623c42 e-flex e-con-boxed e-con e-child\" data-id=\"0623c42\" data-element_type=\"container\" data-e-type=\"container\">\n\t\t\t\t\t<div class=\"e-con-inner\">\n\t\t\t\t<div class=\"elementor-element elementor-element-5983707 elementor-widget elementor-widget-heading\" data-id=\"5983707\" data-element_type=\"widget\" data-e-type=\"widget\" data-widget_type=\"heading.default\">\n\t\t\t\t<div class=\"elementor-widget-container\">\n\t\t\t\t\t<span class=\"elementor-heading-title elementor-size-default\">La nueva y tercera<\/span>\t\t\t\t<\/div>\n\t\t\t\t<\/div>\n\t\t\t\t<div class=\"elementor-element elementor-element-dba11b0 elementor-widget elementor-widget-heading\" data-id=\"dba11b0\" data-element_type=\"widget\" data-e-type=\"widget\" data-widget_type=\"heading.default\">\n\t\t\t\t<div class=\"elementor-widget-container\">\n\t\t\t\t\t<h2 class=\"elementor-heading-title elementor-size-default\">generaci\u00f3n<\/h2>\t\t\t\t<\/div>\n\t\t\t\t<\/div>\n\t\t\t\t<div class=\"elementor-element elementor-element-f009cce elementor-widget elementor-widget-text-editor\" data-id=\"f009cce\" data-element_type=\"widget\" data-e-type=\"widget\" data-widget_type=\"text-editor.default\">\n\t\t\t\t<div class=\"elementor-widget-container\">\n\t\t\t\t\t\t\t\t\t<p>Es a partir del a\u00f1o 2022 cuando llega el relevo generacional con Oriol Vi\u00f1as Brell, hijo de Jordi y tambi\u00e9n <strong>apasionado de los quesos<\/strong>.<\/p>\n<p>Se pone al frente de la empresa con una clara apuesta por la transformaci\u00f3n digital y la sostenibilidad y con un objetivo muy claro: <strong>potenciar la experiencia de compra<\/strong> con el asesoramiento integral y personalizado.<\/p>\n<p>Su objetivo es hacer crecer el negocio para que siga siendo un referente en la distribuci\u00f3n de quesos y productos gourmet tanto en Reus como en toda la provincia de Tarragona. <\/p>\n<p>Pero con una fuerte apuesta por la mejora continua en la b\u00fasqueda de nuevos proveedores y en el incremento de <strong>referencias km0<\/strong> para potenciar a\u00fan m\u00e1s el comercio local.<\/p>\n\t\t\t\t\t\t\t\t<\/div>\n\t\t\t\t<\/div>\n\t\t<div class=\"elementor-element elementor-element-06ebcf0 e-flex e-con-boxed e-con e-child\" data-id=\"06ebcf0\" data-element_type=\"container\" data-e-type=\"container\">\n\t\t\t\t\t<div class=\"e-con-inner\">\n\t\t\t\t<div class=\"elementor-element elementor-element-e43ffd4 elementor-widget elementor-widget-button\" data-id=\"e43ffd4\" data-element_type=\"widget\" data-e-type=\"widget\" data-widget_type=\"button.default\">\n\t\t\t\t<div class=\"elementor-widget-container\">\n\t\t\t\t\t\t\t\t\t<div class=\"elementor-button-wrapper\">\n\t\t\t\t\t<a class=\"elementor-button elementor-button-link elementor-size-sm\" href=\"https:\/\/comercialbrell.com\/es\/productos\/\">\n\t\t\t\t\t\t<span class=\"elementor-button-content-wrapper\">\n\t\t\t\t\t\t\t\t\t<span class=\"elementor-button-text\">\u00a1Ver todo!<\/span>\n\t\t\t\t\t<\/span>\n\t\t\t\t\t<\/a>\n\t\t\t\t<\/div>\n\t\t\t\t\t\t\t\t<\/div>\n\t\t\t\t<\/div>\n\t\t\t\t\t<\/div>\n\t\t\t\t<\/div>\n\t\t\t\t\t<\/div>\n\t\t\t\t<\/div>\n\t\t\t\t\t<\/div>\n\t\t\t\t<\/div>\n\t\t\t\t\t<\/div>\n\t\t\t\t<\/div>\n\t\t\t\t<\/div>\n\t\t","protected":false},"excerpt":{"rendered":"<p>Distribuidor de quesos en Reus distribuidores de quesos en reus desde los a\u00f1os 60 Un cambio de rumbo hacia el mundo gourmet Alrededor de los a\u00f1os 60, el abuelo Josep Maria Brell constituy\u00f3 Agr\u00edcola Reusense; una empresa comercializadora de embutidos, conservas y alg\u00fan que otro queso, con intenci\u00f3n de abastecer a los establecimientos de Reus [&hellip;]<\/p>\n","protected":false},"author":1,"featured_media":0,"parent":0,"menu_order":0,"comment_status":"closed","ping_status":"closed","template":"","meta":{"inline_featured_image":false,"footnotes":""},"class_list":["post-2025","page","type-page","status-publish","hentry"],"_links":{"self":[{"href":"https:\/\/comercialbrell.com\/es\/wp-json\/wp\/v2\/pages\/2025","targetHints":{"allow":["GET"]}}],"collection":[{"href":"https:\/\/comercialbrell.com\/es\/wp-json\/wp\/v2\/pages"}],"about":[{"href":"https:\/\/comercialbrell.com\/es\/wp-json\/wp\/v2\/types\/page"}],"author":[{"embeddable":true,"href":"https:\/\/comercialbrell.com\/es\/wp-json\/wp\/v2\/users\/1"}],"replies":[{"embeddable":true,"href":"https:\/\/comercialbrell.com\/es\/wp-json\/wp\/v2\/comments?post=2025"}],"version-history":[{"count":6,"href":"https:\/\/comercialbrell.com\/es\/wp-json\/wp\/v2\/pages\/2025\/revisions"}],"predecessor-version":[{"id":2282,"href":"https:\/\/comercialbrell.com\/es\/wp-json\/wp\/v2\/pages\/2025\/revisions\/2282"}],"wp:attachment":[{"href":"https:\/\/comercialbrell.com\/es\/wp-json\/wp\/v2\/media?parent=2025"}],"curies":[{"name":"wp","href":"https:\/\/api.w.org\/{rel}","templated":true}]}}

quiénes somos

<div data-elementor-type="wp-page" data-elementor-id="2025" class="elementor elementor-2025 elementor-333" data-elementor-post-type="page">
				<div class="elementor-element elementor-element-5b3f52a e-flex e-con-boxed e-con e-parent" data-id="5b3f52a" data-element_type="container" data-e-type="container">
					<div class="e-con-inner">
				<div class="elementor-element elementor-element-d13cca5 elementor-widget elementor-widget-heading" data-id="d13cca5" data-element_type="widget" data-e-type="widget" data-widget_type="heading.default">
				<div class="elementor-widget-container">
					<h1 class="elementor-heading-title elementor-size-default">Distribuidor de quesos en Reus</h1>				</div>
				</div>
				<div class="elementor-element elementor-element-4ebe649 elementor-widget elementor-widget-heading" data-id="4ebe649" data-element_type="widget" data-e-type="widget" data-widget_type="heading.default">
				<div class="elementor-widget-container">
					<span class="elementor-heading-title elementor-size-default">distribuidores</span>				</div>
				</div>
				<div class="elementor-element elementor-element-bbc6262 elementor-widget elementor-widget-heading" data-id="bbc6262" data-element_type="widget" data-e-type="widget" data-widget_type="heading.default">
				<div class="elementor-widget-container">
					<span class="elementor-heading-title elementor-size-default">de quesos en reus desde los años 60</span>				</div>
				</div>
				<div class="elementor-element elementor-element-0fbfd2b elementor-widget elementor-widget-image" data-id="0fbfd2b" data-element_type="widget" data-e-type="widget" data-widget_type="image.default">
				<div class="elementor-widget-container">
															<img fetchpriority="high" decoding="async" width="800" height="800" src="https://comercialbrell.com/wp-content/uploads/2024/03/Equip-Comercial-Brell.jpg" class="attachment-large size-large wp-image-1805" alt="" srcset="https://comercialbrell.com/wp-content/uploads/2024/03/Equip-Comercial-Brell.jpg 1000w, https://comercialbrell.com/wp-content/uploads/2024/03/Equip-Comercial-Brell-300x300.jpg 300w, https://comercialbrell.com/wp-content/uploads/2024/03/Equip-Comercial-Brell-150x150.jpg 150w, https://comercialbrell.com/wp-content/uploads/2024/03/Equip-Comercial-Brell-768x768.jpg 768w" sizes="(max-width: 800px) 100vw, 800px" title="">															</div>
				</div>
					</div>
				</div>
		<div class="elementor-element elementor-element-23a2ab0 e-flex e-con-boxed e-con e-parent" data-id="23a2ab0" data-element_type="container" data-e-type="container">
					<div class="e-con-inner">
		<div class="elementor-element elementor-element-6654b9e e-flex e-con-boxed e-con e-child" data-id="6654b9e" data-element_type="container" data-e-type="container">
					<div class="e-con-inner">
		<div class="elementor-element elementor-element-43cae94 e-flex e-con-boxed e-con e-child" data-id="43cae94" data-element_type="container" data-e-type="container">
					<div class="e-con-inner">
				<div class="elementor-element elementor-element-0cdb195 elementor-widget elementor-widget-heading" data-id="0cdb195" data-element_type="widget" data-e-type="widget" data-widget_type="heading.default">
				<div class="elementor-widget-container">
					<span class="elementor-heading-title elementor-size-default">Un cambio de rumbo hacia el</span>				</div>
				</div>
				<div class="elementor-element elementor-element-50bbcc3 elementor-widget elementor-widget-heading" data-id="50bbcc3" data-element_type="widget" data-e-type="widget" data-widget_type="heading.default">
				<div class="elementor-widget-container">
					<h2 class="elementor-heading-title elementor-size-default">mundo gourmet</h2>				</div>
				</div>
				<div class="elementor-element elementor-element-3cfbaec elementor-widget elementor-widget-text-editor" data-id="3cfbaec" data-element_type="widget" data-e-type="widget" data-widget_type="text-editor.default">
				<div class="elementor-widget-container">
									<p>Alrededor de los años 60, <strong>el abuelo Josep Maria Brell</strong> constituyó Agrícola Reusense; una empresa comercializadora de embutidos, conservas y algún que otro queso, con intención de abastecer a los establecimientos de Reus y de los pueblos de la provincia de Tarragona.</p>
<p>En 1985, la sociedad cambia de nombre y pasa a llamarse Comercial Brell S.L. Pronto <strong>Jordi Viñas</strong>, el yerno, pasa a formar parte de la compañía y, ya con él al frente, la empresa realiza un cambio de rumbo hacia el mundo gourmet.</p>
<p>Jordi, un <strong>amante de su trabajo y de los quesos</strong>, busca enfocar el negocio en este producto, pero sin dejar de lado los embutidos y otros productos que también son especialidad de la marca.</p>
								</div>
				</div>
		<div class="elementor-element elementor-element-c05a4ed e-flex e-con-boxed e-con e-child" data-id="c05a4ed" data-element_type="container" data-e-type="container">
					<div class="e-con-inner">
				<div class="elementor-element elementor-element-03b3194 elementor-widget elementor-widget-button" data-id="03b3194" data-element_type="widget" data-e-type="widget" data-widget_type="button.default">
				<div class="elementor-widget-container">
									<div class="elementor-button-wrapper">
					<a class="elementor-button elementor-button-link elementor-size-sm" href="https://comercialbrell.com/es/productos/distribuidor-de-quesos/">
						<span class="elementor-button-content-wrapper">
									<span class="elementor-button-text">Descubrir quesos</span>
					</span>
					</a>
				</div>
								</div>
				</div>
					</div>
				</div>
					</div>
				</div>
		<div class="elementor-element elementor-element-03bfa48 e-flex e-con-boxed e-con e-child" data-id="03bfa48" data-element_type="container" data-e-type="container">
					<div class="e-con-inner">
				<div class="elementor-element elementor-element-e23ec70 elementor-widget elementor-widget-image" data-id="e23ec70" data-element_type="widget" data-e-type="widget" data-widget_type="image.default">
				<div class="elementor-widget-container">
															<img decoding="async" width="750" height="1000" src="https://comercialbrell.com/wp-content/uploads/2024/03/jordi-vinas.jpg" class="attachment-large size-large wp-image-1823" alt="" srcset="https://comercialbrell.com/wp-content/uploads/2024/03/jordi-vinas.jpg 750w, https://comercialbrell.com/wp-content/uploads/2024/03/jordi-vinas-225x300.jpg 225w" sizes="(max-width: 750px) 100vw, 750px" title="">															</div>
				</div>
					</div>
				</div>
					</div>
				</div>
					</div>
				</div>
		<div class="elementor-element elementor-element-77ca00a e-flex e-con-boxed e-con e-parent" data-id="77ca00a" data-element_type="container" data-e-type="container">
					<div class="e-con-inner">
		<div class="elementor-element elementor-element-62ad562 e-flex e-con-boxed e-con e-child" data-id="62ad562" data-element_type="container" data-e-type="container">
					<div class="e-con-inner">
		<div class="elementor-element elementor-element-70869cb e-flex e-con-boxed e-con e-child" data-id="70869cb" data-element_type="container" data-e-type="container">
					<div class="e-con-inner">
				<div class="elementor-element elementor-element-7a8d79f elementor-widget elementor-widget-image" data-id="7a8d79f" data-element_type="widget" data-e-type="widget" data-widget_type="image.default">
				<div class="elementor-widget-container">
															<img decoding="async" width="750" height="1000" src="https://comercialbrell.com/wp-content/uploads/2024/03/oriol-vinas-brell.jpg" class="attachment-large size-large wp-image-1824" alt="" srcset="https://comercialbrell.com/wp-content/uploads/2024/03/oriol-vinas-brell.jpg 750w, https://comercialbrell.com/wp-content/uploads/2024/03/oriol-vinas-brell-225x300.jpg 225w" sizes="(max-width: 750px) 100vw, 750px" title="">															</div>
				</div>
					</div>
				</div>
		<div class="elementor-element elementor-element-0623c42 e-flex e-con-boxed e-con e-child" data-id="0623c42" data-element_type="container" data-e-type="container">
					<div class="e-con-inner">
				<div class="elementor-element elementor-element-5983707 elementor-widget elementor-widget-heading" data-id="5983707" data-element_type="widget" data-e-type="widget" data-widget_type="heading.default">
				<div class="elementor-widget-container">
					<span class="elementor-heading-title elementor-size-default">La nueva y tercera</span>				</div>
				</div>
				<div class="elementor-element elementor-element-dba11b0 elementor-widget elementor-widget-heading" data-id="dba11b0" data-element_type="widget" data-e-type="widget" data-widget_type="heading.default">
				<div class="elementor-widget-container">
					<h2 class="elementor-heading-title elementor-size-default">generación</h2>				</div>
				</div>
				<div class="elementor-element elementor-element-f009cce elementor-widget elementor-widget-text-editor" data-id="f009cce" data-element_type="widget" data-e-type="widget" data-widget_type="text-editor.default">
				<div class="elementor-widget-container">
									<p>Es a partir del año 2022 cuando llega el relevo generacional con Oriol Viñas Brell, hijo de Jordi y también <strong>apasionado de los quesos</strong>.</p>
<p>Se pone al frente de la empresa con una clara apuesta por la transformación digital y la sostenibilidad y con un objetivo muy claro: <strong>potenciar la experiencia de compra</strong> con el asesoramiento integral y personalizado.</p>
<p>Su objetivo es hacer crecer el negocio para que siga siendo un referente en la distribución de quesos y productos gourmet tanto en Reus como en toda la provincia de Tarragona. </p>
<p>Pero con una fuerte apuesta por la mejora continua en la búsqueda de nuevos proveedores y en el incremento de <strong>referencias km0</strong> para potenciar aún más el comercio local.</p>
								</div>
				</div>
		<div class="elementor-element elementor-element-06ebcf0 e-flex e-con-boxed e-con e-child" data-id="06ebcf0" data-element_type="container" data-e-type="container">
					<div class="e-con-inner">
				<div class="elementor-element elementor-element-e43ffd4 elementor-widget elementor-widget-button" data-id="e43ffd4" data-element_type="widget" data-e-type="widget" data-widget_type="button.default">
				<div class="elementor-widget-container">
									<div class="elementor-button-wrapper">
					<a class="elementor-button elementor-button-link elementor-size-sm" href="https://comercialbrell.com/es/productos/">
						<span class="elementor-button-content-wrapper">
									<span class="elementor-button-text">¡Ver todo!</span>
					</span>
					</a>
				</div>
								</div>
				</div>
					</div>
				</div>
					</div>
				</div>
					</div>
				</div>
					</div>
				</div>
				</div>

<p>Distribuidor de quesos en Reus distribuidores de quesos en reus desde los años 60 Un cambio de rumbo hacia el mundo gourmet Alrededor de los años 60, el abuelo Josep Maria Brell constituyó Agrícola Reusense; una empresa comercializadora de embutidos, conservas y algún que otro queso, con intención de abastecer a los establecimientos de Reus [&hellip;]</p>
